{"id":5123,"date":"2020-05-08T09:46:48","date_gmt":"2020-05-08T09:46:48","guid":{"rendered":"http:\/\/www.dowebpage.com\/dwp\/?page_id=5123"},"modified":"2021-03-04T10:20:28","modified_gmt":"2021-03-04T10:20:28","slug":"per-saperne-di-piu","status":"publish","type":"page","link":"https:\/\/www.dowebpage.com\/dwp\/per-saperne-di-piu\/","title":{"rendered":"Per saperne di pi\u00f9"},"content":{"rendered":"\t\t<div data-elementor-type=\"wp-page\" data-elementor-id=\"5123\" class=\"elementor elementor-5123\">\n\t\t\t\t\t\t<section class=\"elementor-section elementor-top-section elementor-element elementor-element-b7f5e64 elementor-section-boxed elementor-section-height-default elementor-section-height-default\" data-id=\"b7f5e64\" data-element_type=\"section\">\n\t\t\t\t\t\t<div class=\"elementor-container elementor-column-gap-default\">\n\t\t\t\t\t<div class=\"elementor-column elementor-col-50 elementor-top-column elementor-element elementor-element-8d37a47\" data-id=\"8d37a47\" data-element_type=\"column\">\n\t\t\t<div class=\"elementor-widget-wrap elementor-element-populated\">\n\t\t\t\t\t\t<div class=\"elementor-element elementor-element-8b0b136 elementor-widget elementor-widget-heading\" data-id=\"8b0b136\" data-element_type=\"widget\" data-widget_type=\"heading.default\">\n\t\t\t\t<div class=\"elementor-widget-container\">\n\t\t\t\t\t<h2 class=\"elementor-heading-title elementor-size-default\">L'ultimo nato<br><\/h2>\t\t\t\t<\/div>\n\t\t\t\t<\/div>\n\t\t\t\t<div class=\"elementor-element elementor-element-1289562 elementor-widget elementor-widget-text-editor\" data-id=\"1289562\" data-element_type=\"widget\" data-widget_type=\"text-editor.default\">\n\t\t\t\t<div class=\"elementor-widget-container\">\n\t\t\t\t\t\t\t\t\t<p><span style=\"letter-spacing: 0px;\">\u00a0<\/span><\/p><p><span style=\"letter-spacing: 0px;\">@briefing \u00e8 il nuovo progetto di MMSoftware. Nasce dall&#8217;esperienza pluridecennale nel campo manifatturiero e rappresenta la sintesi dei progetti sviluppati per l&#8217;industria.\u00a0<\/span><\/p><p><span style=\"letter-spacing: 0px;\">@briefing \u00e8 un software di gestione e controllo della produzione semplicemente efficace perch\u00e9 evita la dispersione delle informazioni, sostiene gli sforzi concentrandoli laddove serve e isola gli argomenti che spesso confliggono con le attese delle aziende.<\/span><\/p>\t\t\t\t\t\t\t\t<\/div>\n\t\t\t\t<\/div>\n\t\t\t\t\t<\/div>\n\t\t<\/div>\n\t\t\t\t<div class=\"elementor-column elementor-col-50 elementor-top-column elementor-element elementor-element-de622e8\" data-id=\"de622e8\" data-element_type=\"column\">\n\t\t\t<div class=\"elementor-widget-wrap elementor-element-populated\">\n\t\t\t\t\t\t<div class=\"elementor-element elementor-element-45c0271 elementor-widget elementor-widget-image\" data-id=\"45c0271\" data-element_type=\"widget\" data-widget_type=\"image.default\">\n\t\t\t\t<div class=\"elementor-widget-container\">\n\t\t\t\t\t\t\t\t\t\t\t\t\t\t\t<img fetchpriority=\"high\" decoding=\"async\" width=\"441\" height=\"392\" src=\"https:\/\/www.dowebpage.com\/dwp\/wp-content\/uploads\/2018\/11\/Development.png\" class=\"attachment-large size-large wp-image-845\" alt=\"\" \/>\t\t\t\t\t\t\t\t\t\t\t\t\t\t\t<\/div>\n\t\t\t\t<\/div>\n\t\t\t\t\t<\/div>\n\t\t<\/div>\n\t\t\t\t\t<\/div>\n\t\t<\/section>\n\t\t\t\t<section class=\"elementor-section elementor-top-section elementor-element elementor-element-cc32e5f elementor-section-boxed elementor-section-height-default elementor-section-height-default\" data-id=\"cc32e5f\" data-element_type=\"section\">\n\t\t\t\t\t\t<div class=\"elementor-container elementor-column-gap-default\">\n\t\t\t\t\t<div class=\"elementor-column elementor-col-100 elementor-top-column elementor-element elementor-element-512530b\" data-id=\"512530b\" data-element_type=\"column\">\n\t\t\t<div class=\"elementor-widget-wrap elementor-element-populated\">\n\t\t\t\t\t\t<section class=\"elementor-section elementor-inner-section elementor-element elementor-element-6e79bfe elementor-section-boxed elementor-section-height-default elementor-section-height-default\" data-id=\"6e79bfe\" data-element_type=\"section\">\n\t\t\t\t\t\t<div class=\"elementor-container elementor-column-gap-default\">\n\t\t\t\t\t<div class=\"elementor-column elementor-col-50 elementor-inner-column elementor-element elementor-element-ed3d2fa\" data-id=\"ed3d2fa\" data-element_type=\"column\">\n\t\t\t<div class=\"elementor-widget-wrap elementor-element-populated\">\n\t\t\t\t\t\t<div class=\"elementor-element elementor-element-8459776 elementor-widget elementor-widget-image\" data-id=\"8459776\" data-element_type=\"widget\" data-widget_type=\"image.default\">\n\t\t\t\t<div class=\"elementor-widget-container\">\n\t\t\t\t\t\t\t\t\t\t\t\t\t\t\t<img decoding=\"async\" width=\"423\" height=\"473\" src=\"https:\/\/www.dowebpage.com\/dwp\/wp-content\/uploads\/2019\/05\/enterprice.png\" class=\"attachment-large size-large wp-image-3772\" alt=\"\" \/>\t\t\t\t\t\t\t\t\t\t\t\t\t\t\t<\/div>\n\t\t\t\t<\/div>\n\t\t\t\t\t<\/div>\n\t\t<\/div>\n\t\t\t\t<div class=\"elementor-column elementor-col-50 elementor-inner-column elementor-element elementor-element-4f64d99\" data-id=\"4f64d99\" data-element_type=\"column\">\n\t\t\t<div class=\"elementor-widget-wrap elementor-element-populated\">\n\t\t\t\t\t\t<div class=\"elementor-element elementor-element-ad88877 elementor-widget elementor-widget-heading\" data-id=\"ad88877\" data-element_type=\"widget\" data-widget_type=\"heading.default\">\n\t\t\t\t<div class=\"elementor-widget-container\">\n\t\t\t\t\t<h2 class=\"elementor-heading-title elementor-size-default\">Il Briefing<br><\/h2>\t\t\t\t<\/div>\n\t\t\t\t<\/div>\n\t\t\t\t<div class=\"elementor-element elementor-element-8659f2d elementor-widget elementor-widget-text-editor\" data-id=\"8659f2d\" data-element_type=\"widget\" data-settings=\"{&quot;_animation&quot;:&quot;none&quot;}\" data-widget_type=\"text-editor.default\">\n\t\t\t\t<div class=\"elementor-widget-container\">\n\t\t\t\t\t\t\t\t\t<p><\/p>\n<p>La riunione tecnica che ogni giorno si svolge per discutere sull&#8217;andamento della produzione, intraprendere azioni di miglioramento e correttive,&nbsp; ha ispirato il nome di questo software.<\/p>\n<p>Come un relatore, @briefing&nbsp; guida l&#8217;incontro suggerendo gli argomenti da trattare in ordine di rilevanza. Questa soluzione&nbsp; contribuisce ad aggredire tempestivamente le problematiche impattanti e rimandare quelle meno importanti finch\u00e9 il loro indice non le elegger\u00e0 ai livelli di attenzione.&nbsp;<\/p>\n<p>Si ottiene cos\u00ec un duplice risultato: un controllo in tempo reale sugli accadimenti durante la produzione ed una gestione snella in sede di riesame e problem solving nel corso degli incontri tecnici.<\/p>\t\t\t\t\t\t\t\t<\/div>\n\t\t\t\t<\/div>\n\t\t\t\t\t<\/div>\n\t\t<\/div>\n\t\t\t\t\t<\/div>\n\t\t<\/section>\n\t\t\t\t\t<\/div>\n\t\t<\/div>\n\t\t\t\t\t<\/div>\n\t\t<\/section>\n\t\t\t\t<section class=\"elementor-section elementor-top-section elementor-element elementor-element-ac7ebf0 elementor-section-boxed elementor-section-height-default elementor-section-height-default\" data-id=\"ac7ebf0\" data-element_type=\"section\">\n\t\t\t\t\t\t<div class=\"elementor-container elementor-column-gap-default\">\n\t\t\t\t\t<div class=\"elementor-column elementor-col-50 elementor-top-column elementor-element elementor-element-f9746ca\" data-id=\"f9746ca\" data-element_type=\"column\">\n\t\t\t<div class=\"elementor-widget-wrap elementor-element-populated\">\n\t\t\t\t\t\t<div class=\"elementor-element elementor-element-bcdd2a9 elementor-widget elementor-widget-heading\" data-id=\"bcdd2a9\" data-element_type=\"widget\" data-widget_type=\"heading.default\">\n\t\t\t\t<div class=\"elementor-widget-container\">\n\t\t\t\t\t<h2 class=\"elementor-heading-title elementor-size-default\">Le estensioni<br><\/h2>\t\t\t\t<\/div>\n\t\t\t\t<\/div>\n\t\t\t\t<div class=\"elementor-element elementor-element-b3557f5 elementor-widget elementor-widget-text-editor\" data-id=\"b3557f5\" data-element_type=\"widget\" data-widget_type=\"text-editor.default\">\n\t\t\t\t<div class=\"elementor-widget-container\">\n\t\t\t\t\t\t\t\t\t<p>Sono disponibili tre diversi moduli di estensione:<\/p><ul><li>Qualit\u00e0 &#8211; questo modulo verte su due cardini, il piano di controllo che consente di assegnare ai particolari le caratteristiche di verifica e la loro frequenza e lo schedulatore grafico che schiera i controlli nell&#8217;arco della giornata di produzione e ne consente la gestione della conformit\u00e0;<\/li><li>Business Intelligence &#8211; questo modulo permette di creare modelli BI sui dati raccolti con un supporto grafico di facile apprendimento;<\/li><li>Report e grafici &#8211; @briefing viene fornito nella versione base con alcuni report di default, nel caso si volessero elaborare report e grafici personalizzati, questa estensione contiene un engine grafico che assiste alla loro creazione. La flessibilit\u00e0 di questo engine sta nella possibilit\u00e0 di poterlo collegare anche a fonti dati esterne.<\/li><\/ul>\t\t\t\t\t\t\t\t<\/div>\n\t\t\t\t<\/div>\n\t\t\t\t\t<\/div>\n\t\t<\/div>\n\t\t\t\t<div class=\"elementor-column elementor-col-50 elementor-top-column elementor-element elementor-element-d84238c\" data-id=\"d84238c\" data-element_type=\"column\">\n\t\t\t<div class=\"elementor-widget-wrap elementor-element-populated\">\n\t\t\t\t\t\t<div class=\"elementor-element elementor-element-d3fb878 elementor-widget elementor-widget-image\" data-id=\"d3fb878\" data-element_type=\"widget\" data-widget_type=\"image.default\">\n\t\t\t\t<div class=\"elementor-widget-container\">\n\t\t\t\t\t\t\t\t\t\t\t\t\t\t\t<img decoding=\"async\" width=\"1024\" height=\"640\" src=\"https:\/\/www.dowebpage.com\/dwp\/wp-content\/uploads\/2019\/01\/033.jpg\" class=\"attachment-large size-large wp-image-1737\" alt=\"\" \/>\t\t\t\t\t\t\t\t\t\t\t\t\t\t\t<\/div>\n\t\t\t\t<\/div>\n\t\t\t\t\t<\/div>\n\t\t<\/div>\n\t\t\t\t\t<\/div>\n\t\t<\/section>\n\t\t\t\t<\/div>\n\t\t","protected":false},"excerpt":{"rendered":"<p>Approfondimenti su @briefing per saperne di pi\u00f9<\/p>\n","protected":false},"author":1,"featured_media":0,"parent":0,"menu_order":0,"comment_status":"closed","ping_status":"closed","template":"","meta":{"footnotes":""},"class_list":["post-5123","page","type-page","status-publish","hentry","no-post-thumbnail"],"acf":[],"yoast_head":"<!-- This site is optimized with the Yoast SEO plugin v24.6 - https:\/\/yoast.com\/wordpress\/plugins\/seo\/ -->\n<title>Per saperne di pi\u00f9 - MMSoftware Sistemi Informativi<\/title>\n<meta name=\"description\" content=\"Qualche informazione in pi\u00f9 su @briefing. Dove e come \u00e8 stato sviluppato, perch\u00e9 controllare la produzione in modo semplice ed efficace\" \/>\n<meta name=\"robots\" content=\"index, follow, max-snippet:-1, max-image-preview:large, max-video-preview:-1\" \/>\n<link rel=\"canonical\" href=\"https:\/\/www.dowebpage.com\/dwp\/per-saperne-di-piu\/\" \/>\n<meta property=\"og:locale\" content=\"it_IT\" \/>\n<meta property=\"og:type\" content=\"article\" \/>\n<meta property=\"og:title\" content=\"Per saperne di pi\u00f9 - MMSoftware Sistemi Informativi\" \/>\n<meta property=\"og:description\" content=\"Qualche informazione in pi\u00f9 su @briefing. Dove e come \u00e8 stato sviluppato, perch\u00e9 controllare la produzione in modo semplice ed efficace\" \/>\n<meta property=\"og:url\" content=\"https:\/\/www.dowebpage.com\/dwp\/per-saperne-di-piu\/\" \/>\n<meta property=\"og:site_name\" content=\"MMSoftware Sistemi Informativi\" \/>\n<meta property=\"article:modified_time\" content=\"2021-03-04T10:20:28+00:00\" \/>\n<meta property=\"og:image\" content=\"https:\/\/www.dowebpage.com\/dwp\/wp-content\/uploads\/2018\/11\/Development.png\" \/>\n<meta name=\"twitter:card\" content=\"summary_large_image\" \/>\n<meta name=\"twitter:label1\" content=\"Tempo di lettura stimato\" \/>\n\t<meta name=\"twitter:data1\" content=\"2 minuti\" \/>\n<script type=\"application\/ld+json\" class=\"yoast-schema-graph\">{\"@context\":\"https:\/\/schema.org\",\"@graph\":[{\"@type\":\"WebPage\",\"@id\":\"https:\/\/www.dowebpage.com\/dwp\/per-saperne-di-piu\/\",\"url\":\"https:\/\/www.dowebpage.com\/dwp\/per-saperne-di-piu\/\",\"name\":\"Per saperne di pi\u00f9 - MMSoftware Sistemi Informativi\",\"isPartOf\":{\"@id\":\"https:\/\/www.dowebpage.com\/dwp\/#website\"},\"primaryImageOfPage\":{\"@id\":\"https:\/\/www.dowebpage.com\/dwp\/per-saperne-di-piu\/#primaryimage\"},\"image\":{\"@id\":\"https:\/\/www.dowebpage.com\/dwp\/per-saperne-di-piu\/#primaryimage\"},\"thumbnailUrl\":\"https:\/\/www.dowebpage.com\/dwp\/wp-content\/uploads\/2018\/11\/Development.png\",\"datePublished\":\"2020-05-08T09:46:48+00:00\",\"dateModified\":\"2021-03-04T10:20:28+00:00\",\"description\":\"Qualche informazione in pi\u00f9 su @briefing. Dove e come \u00e8 stato sviluppato, perch\u00e9 controllare la produzione in modo semplice ed efficace\",\"breadcrumb\":{\"@id\":\"https:\/\/www.dowebpage.com\/dwp\/per-saperne-di-piu\/#breadcrumb\"},\"inLanguage\":\"it-IT\",\"potentialAction\":[{\"@type\":\"ReadAction\",\"target\":[\"https:\/\/www.dowebpage.com\/dwp\/per-saperne-di-piu\/\"]}]},{\"@type\":\"ImageObject\",\"inLanguage\":\"it-IT\",\"@id\":\"https:\/\/www.dowebpage.com\/dwp\/per-saperne-di-piu\/#primaryimage\",\"url\":\"https:\/\/www.dowebpage.com\/dwp\/wp-content\/uploads\/2018\/11\/Development.png\",\"contentUrl\":\"https:\/\/www.dowebpage.com\/dwp\/wp-content\/uploads\/2018\/11\/Development.png\",\"width\":441,\"height\":392,\"caption\":\"\"},{\"@type\":\"BreadcrumbList\",\"@id\":\"https:\/\/www.dowebpage.com\/dwp\/per-saperne-di-piu\/#breadcrumb\",\"itemListElement\":[{\"@type\":\"ListItem\",\"position\":1,\"name\":\"Home\",\"item\":\"https:\/\/www.dowebpage.com\/dwp\/\"},{\"@type\":\"ListItem\",\"position\":2,\"name\":\"Per saperne di pi\u00f9\"}]},{\"@type\":\"WebSite\",\"@id\":\"https:\/\/www.dowebpage.com\/dwp\/#website\",\"url\":\"https:\/\/www.dowebpage.com\/dwp\/\",\"name\":\"MMSoftware Sistemi Informativi\",\"description\":\"Passione Software\",\"publisher\":{\"@id\":\"https:\/\/www.dowebpage.com\/dwp\/#organization\"},\"potentialAction\":[{\"@type\":\"SearchAction\",\"target\":{\"@type\":\"EntryPoint\",\"urlTemplate\":\"https:\/\/www.dowebpage.com\/dwp\/?s={search_term_string}\"},\"query-input\":{\"@type\":\"PropertyValueSpecification\",\"valueRequired\":true,\"valueName\":\"search_term_string\"}}],\"inLanguage\":\"it-IT\"},{\"@type\":\"Organization\",\"@id\":\"https:\/\/www.dowebpage.com\/dwp\/#organization\",\"name\":\"MMSoftware Sistemi Informativi\",\"url\":\"https:\/\/www.dowebpage.com\/dwp\/\",\"logo\":{\"@type\":\"ImageObject\",\"inLanguage\":\"it-IT\",\"@id\":\"https:\/\/www.dowebpage.com\/dwp\/#\/schema\/logo\/image\/\",\"url\":\"https:\/\/www.dowebpage.com\/dwp\/wp-content\/uploads\/2020\/04\/cropped-logo_mmsoft_browser-1.png\",\"contentUrl\":\"https:\/\/www.dowebpage.com\/dwp\/wp-content\/uploads\/2020\/04\/cropped-logo_mmsoft_browser-1.png\",\"width\":512,\"height\":512,\"caption\":\"MMSoftware Sistemi Informativi\"},\"image\":{\"@id\":\"https:\/\/www.dowebpage.com\/dwp\/#\/schema\/logo\/image\/\"},\"sameAs\":[\"https:\/\/www.linkedin.com\/in\/mmsoftware\/\"]}]}<\/script>\n<!-- \/ Yoast SEO plugin. -->","yoast_head_json":{"title":"Per saperne di pi\u00f9 - MMSoftware Sistemi Informativi","description":"Qualche informazione in pi\u00f9 su @briefing. Dove e come \u00e8 stato sviluppato, perch\u00e9 controllare la produzione in modo semplice ed efficace","robots":{"index":"index","follow":"follow","max-snippet":"max-snippet:-1","max-image-preview":"max-image-preview:large","max-video-preview":"max-video-preview:-1"},"canonical":"https:\/\/www.dowebpage.com\/dwp\/per-saperne-di-piu\/","og_locale":"it_IT","og_type":"article","og_title":"Per saperne di pi\u00f9 - MMSoftware Sistemi Informativi","og_description":"Qualche informazione in pi\u00f9 su @briefing. Dove e come \u00e8 stato sviluppato, perch\u00e9 controllare la produzione in modo semplice ed efficace","og_url":"https:\/\/www.dowebpage.com\/dwp\/per-saperne-di-piu\/","og_site_name":"MMSoftware Sistemi Informativi","article_modified_time":"2021-03-04T10:20:28+00:00","og_image":[{"url":"https:\/\/www.dowebpage.com\/dwp\/wp-content\/uploads\/2018\/11\/Development.png","type":"","width":"","height":""}],"twitter_card":"summary_large_image","twitter_misc":{"Tempo di lettura stimato":"2 minuti"},"schema":{"@context":"https:\/\/schema.org","@graph":[{"@type":"WebPage","@id":"https:\/\/www.dowebpage.com\/dwp\/per-saperne-di-piu\/","url":"https:\/\/www.dowebpage.com\/dwp\/per-saperne-di-piu\/","name":"Per saperne di pi\u00f9 - MMSoftware Sistemi Informativi","isPartOf":{"@id":"https:\/\/www.dowebpage.com\/dwp\/#website"},"primaryImageOfPage":{"@id":"https:\/\/www.dowebpage.com\/dwp\/per-saperne-di-piu\/#primaryimage"},"image":{"@id":"https:\/\/www.dowebpage.com\/dwp\/per-saperne-di-piu\/#primaryimage"},"thumbnailUrl":"https:\/\/www.dowebpage.com\/dwp\/wp-content\/uploads\/2018\/11\/Development.png","datePublished":"2020-05-08T09:46:48+00:00","dateModified":"2021-03-04T10:20:28+00:00","description":"Qualche informazione in pi\u00f9 su @briefing. Dove e come \u00e8 stato sviluppato, perch\u00e9 controllare la produzione in modo semplice ed efficace","breadcrumb":{"@id":"https:\/\/www.dowebpage.com\/dwp\/per-saperne-di-piu\/#breadcrumb"},"inLanguage":"it-IT","potentialAction":[{"@type":"ReadAction","target":["https:\/\/www.dowebpage.com\/dwp\/per-saperne-di-piu\/"]}]},{"@type":"ImageObject","inLanguage":"it-IT","@id":"https:\/\/www.dowebpage.com\/dwp\/per-saperne-di-piu\/#primaryimage","url":"https:\/\/www.dowebpage.com\/dwp\/wp-content\/uploads\/2018\/11\/Development.png","contentUrl":"https:\/\/www.dowebpage.com\/dwp\/wp-content\/uploads\/2018\/11\/Development.png","width":441,"height":392,"caption":""},{"@type":"BreadcrumbList","@id":"https:\/\/www.dowebpage.com\/dwp\/per-saperne-di-piu\/#breadcrumb","itemListElement":[{"@type":"ListItem","position":1,"name":"Home","item":"https:\/\/www.dowebpage.com\/dwp\/"},{"@type":"ListItem","position":2,"name":"Per saperne di pi\u00f9"}]},{"@type":"WebSite","@id":"https:\/\/www.dowebpage.com\/dwp\/#website","url":"https:\/\/www.dowebpage.com\/dwp\/","name":"MMSoftware Sistemi Informativi","description":"Passione Software","publisher":{"@id":"https:\/\/www.dowebpage.com\/dwp\/#organization"},"potentialAction":[{"@type":"SearchAction","target":{"@type":"EntryPoint","urlTemplate":"https:\/\/www.dowebpage.com\/dwp\/?s={search_term_string}"},"query-input":{"@type":"PropertyValueSpecification","valueRequired":true,"valueName":"search_term_string"}}],"inLanguage":"it-IT"},{"@type":"Organization","@id":"https:\/\/www.dowebpage.com\/dwp\/#organization","name":"MMSoftware Sistemi Informativi","url":"https:\/\/www.dowebpage.com\/dwp\/","logo":{"@type":"ImageObject","inLanguage":"it-IT","@id":"https:\/\/www.dowebpage.com\/dwp\/#\/schema\/logo\/image\/","url":"https:\/\/www.dowebpage.com\/dwp\/wp-content\/uploads\/2020\/04\/cropped-logo_mmsoft_browser-1.png","contentUrl":"https:\/\/www.dowebpage.com\/dwp\/wp-content\/uploads\/2020\/04\/cropped-logo_mmsoft_browser-1.png","width":512,"height":512,"caption":"MMSoftware Sistemi Informativi"},"image":{"@id":"https:\/\/www.dowebpage.com\/dwp\/#\/schema\/logo\/image\/"},"sameAs":["https:\/\/www.linkedin.com\/in\/mmsoftware\/"]}]}},"_links":{"self":[{"href":"https:\/\/www.dowebpage.com\/dwp\/wp-json\/wp\/v2\/pages\/5123","targetHints":{"allow":["GET"]}}],"collection":[{"href":"https:\/\/www.dowebpage.com\/dwp\/wp-json\/wp\/v2\/pages"}],"about":[{"href":"https:\/\/www.dowebpage.com\/dwp\/wp-json\/wp\/v2\/types\/page"}],"author":[{"embeddable":true,"href":"https:\/\/www.dowebpage.com\/dwp\/wp-json\/wp\/v2\/users\/1"}],"replies":[{"embeddable":true,"href":"https:\/\/www.dowebpage.com\/dwp\/wp-json\/wp\/v2\/comments?post=5123"}],"version-history":[{"count":79,"href":"https:\/\/www.dowebpage.com\/dwp\/wp-json\/wp\/v2\/pages\/5123\/revisions"}],"predecessor-version":[{"id":6139,"href":"https:\/\/www.dowebpage.com\/dwp\/wp-json\/wp\/v2\/pages\/5123\/revisions\/6139"}],"wp:attachment":[{"href":"https:\/\/www.dowebpage.com\/dwp\/wp-json\/wp\/v2\/media?parent=5123"}],"curies":[{"name":"wp","href":"https:\/\/api.w.org\/{rel}","templated":true}]}}